{"id":13,"date":"2023-04-01T11:29:31","date_gmt":"2023-04-01T09:29:31","guid":{"rendered":"http:\/\/annejaa.cluster027.hosting.ovh.net\/?page_id=13"},"modified":"2026-09-05T20:25:35","modified_gmt":"2026-09-05T18:25:35","slug":"13-2","status":"publish","type":"page","link":"https:\/\/annejamelot.com\/accueil\/","title":{"rendered":""},"content":{"rendered":"\n<figure class=\"wp-block-image alignleft size-large is-resized has-custom-border is-style-default\"><img loading=\"lazy\" decoding=\"async\" width=\"683\" height=\"1024\" src=\"https:\/\/annejamelot.com\/wp-content\/uploads\/2026\/08\/kSnyR74-683x1024.jpeg\" alt=\"\" class=\"wp-image-715\" style=\"border-top-left-radius:12px;border-top-right-radius:12px;border-bottom-left-radius:12px;border-bottom-right-radius:12px;aspect-ratio:0.666997317693235;width:404px;height:auto\" srcset=\"https:\/\/annejamelot.com\/wp-content\/uploads\/2026\/08\/kSnyR74-683x1024.jpeg 683w, https:\/\/annejamelot.com\/wp-content\/uploads\/2026\/08\/kSnyR74-200x300.jpeg 200w, https:\/\/annejamelot.com\/wp-content\/uploads\/2026\/08\/kSnyR74-768x1151.jpeg 768w, https:\/\/annejamelot.com\/wp-content\/uploads\/2026\/08\/kSnyR74-1025x1536.jpeg 1025w, https:\/\/annejamelot.com\/wp-content\/uploads\/2026\/08\/kSnyR74.jpeg 1366w\" sizes=\"auto, (max-width: 683px) 100vw, 683px\" \/><figcaption class=\"wp-element-caption\">Cr\u00e9dit photo&nbsp;: Rebecca Trouslard Photographe<\/figcaption><\/figure>\n\n\n\n<p class=\"wp-block-paragraph\">Bienvenue sur mon site ! <\/p>\n\n\n\n<p class=\"wp-block-paragraph\">Je me pr\u00e9sente, Anne Jamelot-Bonnaillie. Atteinte du syndrome de Gilles de La Tourette depuis mon enfance, je n&rsquo;ai cess\u00e9 de me former et d&rsquo;apprendre pour me lib\u00e9rer petit \u00e0 petit de mes souffrances tant psychiques que physiques. Sur mon chemin de vie s&rsquo;est pr\u00e9sent\u00e9 la culture physique, la sophrologie, que j&rsquo;exerce depuis plus de 30 ans. La pratique de ces disciplines m&rsquo;a permis de passer de 40000 tics par jours \u00e0 moins de 5000. Puis je me suis form\u00e9e \u00e0 l&rsquo;\u00e9coute de fa\u00e7on plus s\u00e9rieuse car j&rsquo;ai compris que c&rsquo;\u00e9tait une cl\u00e9 pour apaiser mes relations et devenir une meilleure professionnelle. Et surtout pour grandir en humanit\u00e9. J&rsquo;ai v\u00e9cu des ph\u00e9nom\u00e8nes extraordinaires lors de cette formation, qui m&rsquo;ont conduite \u00e0 m&rsquo;initier au Reiki. Le d\u00e9but d&rsquo;une autre transformation humaine et spirituelle , toujours ancr\u00e9e dans le corps. La sophrologie permet de s&rsquo;ancrer dans le r\u00e9el, de s&rsquo;incarner petit \u00e0 petit, pas de planer et de fuir. <\/p>\n\n\n\n<p class=\"wp-block-paragraph\">Ayant des acouph\u00e8nes, je me suis \u00e9galement form\u00e9e \u00e0 l&rsquo;EFT, car une s\u00e9ance m&rsquo;avait permis de ne plus avoir peur de devenir folle \u00e0 cause de ces sons incontr\u00f4lables dans la t\u00eate.  Peu de temps apr\u00e8s, ces acouph\u00e8nes \u00e9taient toujours pr\u00e9sents, mais je n&rsquo;y pr\u00eatais plus attention. <\/p>\n\n\n\n<p class=\"wp-block-paragraph\"> Au cours d&rsquo;un voyage, la lecture d&rsquo;un livre sur le yoga du rire m&rsquo;a enchant\u00e9e. Et vous savez quoi? Je suis devenue animatrice en yoga du rire. Quelle merveille de savoir rire pour rien sans attendre que ce soit d\u00e9clench\u00e9 par l&rsquo;ext\u00e9rieur! J&rsquo;ai travaill\u00e9 longtemps dans des clubs, associations avec toutes ces disciplines. Etant sp\u00e9cialis\u00e9e dans la gestion et la pr\u00e9vention du stress social, du burn out, j&rsquo;ai aussi apport\u00e9 ma pierre dans des s\u00e9ances collectives durant plusieurs ann\u00e9es.<\/p>\n\n\n\n<p class=\"wp-block-paragraph\"> Puis j&rsquo;ai voulu me perfectionner dans tout cela et j&rsquo;ai continu\u00e9 des formations en Reiki, en sophrologie, en \u00e9coute, en yoga du rire. Tout cela se tient, se compl\u00e8te. Le corps, l&rsquo;esprit, le coeur, la conscience, l&rsquo;\u00e2me. <\/p>\n\n\n\n<p class=\"wp-block-paragraph\">Apr\u00e8s tous ces approfondissements, qui ont pris de nombreuses ann\u00e9es, il m&rsquo;a \u00e9t\u00e9 donn\u00e9 de cr\u00e9er mon approche pour d\u00e9velopper notre discernement dans le but de se lib\u00e9rer de nos fonctionnements d\u00e9l\u00e9t\u00e8res profonds, sous-jacents \u00e0 notre mal-\u00eatre et nos souffrances relationnelles. Je l&rsquo;ai baptis\u00e9e ADAHE ( Aide au Discernement pour l&rsquo;Ajustement et l&rsquo;Harmonisation de l&rsquo;Ego). Car oui, le stress quand il devient relationnel, est toujours en relation avec notre ego. Le savoir et l&rsquo;admettre permet d&rsquo;y travailler et de se tourner vers une existence \u00e9panouie, l\u00e9g\u00e8re, de retrouver le sens de l&rsquo;humour, d&rsquo;apprendre le d\u00e9tachement et de ressentir la joie et la compassion. C&rsquo;est ce que je vis, ce que j&rsquo;enseigne et \u00e9cris. Plusieurs livres sont parus. Et gr\u00e2ce \u00e0 ce travail sur moi, je n&rsquo;ai plus que quelques centaines de tics par jour. Je ne suis pas gu\u00e9rie, mais c&rsquo;est tout de m\u00eame beaucoup plus confortable. <\/p>\n\n\n\n<p class=\"wp-block-paragraph\"><strong>J&rsquo;ai v\u00e9ritablement l\u00e2ch\u00e9-prise sur de tr\u00e8s nombreux aspects de mon existence et cela se ressent jusqu&rsquo;au plus profond de mon corps. Mon taux de tics en est la preuve.<\/strong><\/p>\n\n\n\n<p class=\"wp-block-paragraph\">Alors si vous souhaitez vous faire accompagner s\u00e9rieusement pour vous donner une chance de vivre pleinement, d&rsquo;apprendre \u00e0 traiter vos situations de stress, avoir des outils concrets et constructifs, si vous avez juste besoin de vider votre sac sans \u00eatre jug\u00e9-e ou infantilis\u00e9-e, si vous pensez avoir d\u00e9j\u00e0 TOUT essay\u00e9, peut-\u00eatre que vous trouverez une \u00e9coute, une p\u00e9dagogie, une exp\u00e9rience de vie qui vous propulsera \u00e0 votre rythme vers une existence plus cool. <strong>Le l\u00e2cher-prise , \u00e7a s&rsquo;apprend. C&rsquo;est une vraie \u00e9cole.<\/strong><\/p>\n\n\n\n<p class=\"wp-block-paragraph\">  Ici, tout est fait pour am\u00e9liorer votre existence sur les plans corporel, mental, \u00e9motionnel, relationnel. Pour d\u00e9velopper votre niveau de conscience, retrouver et entretenir votre force vitale, votre joie de vivre et votre cr\u00e9ativit\u00e9.<\/p>\n\n\n\n<p class=\"wp-block-paragraph\"><strong>La cr\u00e9ativit\u00e9, c&rsquo;est faire autrement : penser autrement, agir autrement<\/strong><\/p>\n\n\n\n<p class=\"wp-block-paragraph\"><\/p>\n\n\n\n<p class=\"wp-block-paragraph\">Sur ce site, vous trouverez tous les renseignements au sujet les s\u00e9ances de <strong>sophrologie<\/strong>, des formations en <strong>Reiki Usui<\/strong>, des ateliers de <strong>yoga du rire<\/strong>, des <strong>ateliers D&rsquo;ADAHE\u00ae<\/strong>.<\/p>\n\n\n\n<p class=\"wp-block-paragraph\">Bien entendu, je vous re\u00e7ois \u00e9galement en <strong>consultations individuelle<\/strong>s dans tous ces domaines, ainsi qu&rsquo;en <strong>E.F.T., <\/strong>sur rendez-vous . Elles peuvent aussi se faire en visio. Et vous pouvez m\u00eame recevoir du Reiki \u00e0 distance pour vous-m\u00eame ou vos proches (avec leur consentement), un animal, des situations diverses et m\u00eame des conflits.<\/p>\n\n\n\n<p class=\"wp-block-paragraph\">Si vous \u00eates sophrologue ou th\u00e9rapeute, je peux vous suivre en <strong>supervision<\/strong>.<\/p>\n\n\n\n<p class=\"wp-block-paragraph\"><\/p>\n\n\n\n<p class=\"wp-block-paragraph\">Alors au plaisir de vous rencontrer bient\u00f4t, \u00e0 mon cabinet \u00e0 Vannes, ou en visio.<\/p>\n\n\n\n<p class=\"wp-block-paragraph\"><strong>Tarifs des consultations individuelles<\/strong>, en pr\u00e9sentiel ou en visio. <\/p>\n\n\n\n<figure class=\"wp-block-image alignright size-large is-resized has-custom-border\"><img loading=\"lazy\" decoding=\"async\" width=\"1024\" height=\"1024\" src=\"https:\/\/annejamelot.com\/wp-content\/uploads\/2026\/09\/cabinet-1024x1024.webp\" alt=\"\" class=\"wp-image-730\" style=\"border-top-left-radius:12px;border-top-right-radius:12px;border-bottom-left-radius:12px;border-bottom-right-radius:12px;width:458px;height:auto\" srcset=\"https:\/\/annejamelot.com\/wp-content\/uploads\/2026\/09\/cabinet-1024x1024.webp 1024w, https:\/\/annejamelot.com\/wp-content\/uploads\/2026\/09\/cabinet-300x300.webp 300w, https:\/\/annejamelot.com\/wp-content\/uploads\/2026\/09\/cabinet-150x150.webp 150w, https:\/\/annejamelot.com\/wp-content\/uploads\/2026\/09\/cabinet-768x768.webp 768w, https:\/\/annejamelot.com\/wp-content\/uploads\/2026\/09\/cabinet.webp 1080w\" sizes=\"auto, (max-width: 1024px) 100vw, 1024px\" \/><\/figure>\n\n\n\n<ul class=\"wp-block-list\">\n<li>\u00c0 la s\u00e9ance : 75,00 euros<\/li>\n\n\n\n<li>Engagement sur 5 s\u00e9ances : 350,00 euros<\/li>\n\n\n\n<li>Engagement sur 10 s\u00e9ances: 650,00 euros<\/li>\n<\/ul>\n\n\n\n<p class=\"wp-block-paragraph\"><\/p>\n\n\n\n<p class=\"wp-block-paragraph\">ADRESSE DU CABINET<\/p>\n\n\n\n<p class=\"wp-block-paragraph\"><strong>13 square de l&rsquo;\u00eele Brannec<\/strong><\/p>\n\n\n\n<p class=\"wp-block-paragraph\"><strong>56000 Vannes<\/strong><\/p>\n\n\n\n<p class=\"wp-block-paragraph\"><strong>(Uniquement sur rendez-vous)<\/strong><\/p>\n\n\n\n<p class=\"wp-block-paragraph\"><strong>Parking gratuit<\/strong><\/p>\n\n\n\n<p class=\"wp-block-paragraph\"><strong>06 14 74 79 21<\/strong><\/p>\n\n\n\n<p class=\"wp-block-paragraph\"><\/p>\n\n\n\n<p class=\"wp-block-paragraph\"><svg width=\"24\" height=\"24\" viewBox=\"0 0 24 24\" version=\"1.1\" xmlns=\"http:\/\/www.w3.org\/2000\/svg\" aria-hidden=\"true\" focusable=\"false\" style=\"position:relative;\"><path fill=\"#ff0000\" d=\"M21.8,8.001c0,0-0.195-1.378-0.795-1.985c-0.76-0.797-1.613-0.801-2.004-0.847c-2.799-0.202-6.997-0.202-6.997-0.202 h-0.009c0,0-4.198,0-6.997,0.202C4.608,5.216,3.756,5.22,2.995,6.016C2.395,6.623,2.2,8.001,2.2,8.001S2,9.62,2,11.238v1.517 c0,1.618,0.2,3.237,0.2,3.237s0.195,1.378,0.795,1.985c0.761,0.797,1.76,0.771,2.205,0.855c1.6,0.153,6.8,0.201,6.8,0.201 s4.203-0.006,7.001-0.209c0.391-0.047,1.243-0.051,2.004-0.847c0.6-0.607,0.795-1.985,0.795-1.985s0.2-1.618,0.2-3.237v-1.517 C22,9.62,21.8,8.001,21.8,8.001z M9.935,14.594l-0.001-5.62l5.404,2.82L9.935,14.594z\"><\/path><\/svg> Ma cha\u00eene YouTube&nbsp;: <a href=\"https:\/\/www.youtube.com\/@ducoqalanne3119\">Du coq \u00e0 l\u2019Anne<\/a><\/p>\n","protected":false},"excerpt":{"rendered":"<p>Bienvenue sur mon site ! Je me pr\u00e9sente, Anne Jamelot-Bonnaillie. Atteinte du syndrome de Gilles de La Tourette depuis mon enfance, je n&rsquo;ai cess\u00e9 de me former et d&rsquo;apprendre pour me lib\u00e9rer petit \u00e0 petit de mes souffrances tant psychiques que physiques. Sur mon chemin de vie s&rsquo;est pr\u00e9sent\u00e9 la culture physique, la sophrologie, que [&hellip;]<\/p>\n","protected":false},"author":1,"featured_media":719,"parent":0,"menu_order":0,"comment_status":"closed","ping_status":"closed","template":"","meta":{"footnotes":""},"class_list":["post-13","page","type-page","status-publish","has-post-thumbnail","hentry"],"_links":{"self":[{"href":"https:\/\/annejamelot.com\/accueil\/wp-json\/wp\/v2\/pages\/13","targetHints":{"allow":["GET"]}}],"collection":[{"href":"https:\/\/annejamelot.com\/accueil\/wp-json\/wp\/v2\/pages"}],"about":[{"href":"https:\/\/annejamelot.com\/accueil\/wp-json\/wp\/v2\/types\/page"}],"author":[{"embeddable":true,"href":"https:\/\/annejamelot.com\/accueil\/wp-json\/wp\/v2\/users\/1"}],"replies":[{"embeddable":true,"href":"https:\/\/annejamelot.com\/accueil\/wp-json\/wp\/v2\/comments?post=13"}],"version-history":[{"count":57,"href":"https:\/\/annejamelot.com\/accueil\/wp-json\/wp\/v2\/pages\/13\/revisions"}],"predecessor-version":[{"id":731,"href":"https:\/\/annejamelot.com\/accueil\/wp-json\/wp\/v2\/pages\/13\/revisions\/731"}],"wp:featuredmedia":[{"embeddable":true,"href":"https:\/\/annejamelot.com\/accueil\/wp-json\/wp\/v2\/media\/719"}],"wp:attachment":[{"href":"https:\/\/annejamelot.com\/accueil\/wp-json\/wp\/v2\/media?parent=13"}],"curies":[{"name":"wp","href":"https:\/\/api.w.org\/{rel}","templated":true}]}}

<figure class="wp-block-image alignleft size-large is-resized has-custom-border is-style-default"><img loading="lazy" decoding="async" width="683" height="1024" src="https://annejamelot.com/wp-content/uploads/2026/08/kSnyR74-683x1024.jpeg" alt="" class="wp-image-715" style="border-top-left-radius:12px;border-top-right-radius:12px;border-bottom-left-radius:12px;border-bottom-right-radius:12px;aspect-ratio:0.666997317693235;width:404px;height:auto" srcset="https://annejamelot.com/wp-content/uploads/2026/08/kSnyR74-683x1024.jpeg 683w, https://annejamelot.com/wp-content/uploads/2026/08/kSnyR74-200x300.jpeg 200w, https://annejamelot.com/wp-content/uploads/2026/08/kSnyR74-768x1151.jpeg 768w, https://annejamelot.com/wp-content/uploads/2026/08/kSnyR74-1025x1536.jpeg 1025w, https://annejamelot.com/wp-content/uploads/2026/08/kSnyR74.jpeg 1366w" sizes="auto, (max-width: 683px) 100vw, 683px" /><figcaption class="wp-element-caption">Crédit photo&nbsp;: Rebecca Trouslard Photographe</figcaption></figure>



<p class="wp-block-paragraph">Bienvenue sur mon site ! </p>



<p class="wp-block-paragraph">Je me présente, Anne Jamelot-Bonnaillie. Atteinte du syndrome de Gilles de La Tourette depuis mon enfance, je n&rsquo;ai cessé de me former et d&rsquo;apprendre pour me libérer petit à petit de mes souffrances tant psychiques que physiques. Sur mon chemin de vie s&rsquo;est présenté la culture physique, la sophrologie, que j&rsquo;exerce depuis plus de 30 ans. La pratique de ces disciplines m&rsquo;a permis de passer de 40000 tics par jours à moins de 5000. Puis je me suis formée à l&rsquo;écoute de façon plus sérieuse car j&rsquo;ai compris que c&rsquo;était une clé pour apaiser mes relations et devenir une meilleure professionnelle. Et surtout pour grandir en humanité. J&rsquo;ai vécu des phénomènes extraordinaires lors de cette formation, qui m&rsquo;ont conduite à m&rsquo;initier au Reiki. Le début d&rsquo;une autre transformation humaine et spirituelle , toujours ancrée dans le corps. La sophrologie permet de s&rsquo;ancrer dans le réel, de s&rsquo;incarner petit à petit, pas de planer et de fuir. </p>



<p class="wp-block-paragraph">Ayant des acouphènes, je me suis également formée à l&rsquo;EFT, car une séance m&rsquo;avait permis de ne plus avoir peur de devenir folle à cause de ces sons incontrôlables dans la tête.  Peu de temps après, ces acouphènes étaient toujours présents, mais je n&rsquo;y prêtais plus attention. </p>



<p class="wp-block-paragraph"> Au cours d&rsquo;un voyage, la lecture d&rsquo;un livre sur le yoga du rire m&rsquo;a enchantée. Et vous savez quoi? Je suis devenue animatrice en yoga du rire. Quelle merveille de savoir rire pour rien sans attendre que ce soit déclenché par l&rsquo;extérieur! J&rsquo;ai travaillé longtemps dans des clubs, associations avec toutes ces disciplines. Etant spécialisée dans la gestion et la prévention du stress social, du burn out, j&rsquo;ai aussi apporté ma pierre dans des séances collectives durant plusieurs années.</p>



<p class="wp-block-paragraph"> Puis j&rsquo;ai voulu me perfectionner dans tout cela et j&rsquo;ai continué des formations en Reiki, en sophrologie, en écoute, en yoga du rire. Tout cela se tient, se complète. Le corps, l&rsquo;esprit, le coeur, la conscience, l&rsquo;âme. </p>



<p class="wp-block-paragraph">Après tous ces approfondissements, qui ont pris de nombreuses années, il m&rsquo;a été donné de créer mon approche pour développer notre discernement dans le but de se libérer de nos fonctionnements délétères profonds, sous-jacents à notre mal-être et nos souffrances relationnelles. Je l&rsquo;ai baptisée ADAHE ( Aide au Discernement pour l&rsquo;Ajustement et l&rsquo;Harmonisation de l&rsquo;Ego). Car oui, le stress quand il devient relationnel, est toujours en relation avec notre ego. Le savoir et l&rsquo;admettre permet d&rsquo;y travailler et de se tourner vers une existence épanouie, légère, de retrouver le sens de l&rsquo;humour, d&rsquo;apprendre le détachement et de ressentir la joie et la compassion. C&rsquo;est ce que je vis, ce que j&rsquo;enseigne et écris. Plusieurs livres sont parus. Et grâce à ce travail sur moi, je n&rsquo;ai plus que quelques centaines de tics par jour. Je ne suis pas guérie, mais c&rsquo;est tout de même beaucoup plus confortable. </p>



<p class="wp-block-paragraph"><strong>J&rsquo;ai véritablement lâché-prise sur de très nombreux aspects de mon existence et cela se ressent jusqu&rsquo;au plus profond de mon corps. Mon taux de tics en est la preuve.</strong></p>



<p class="wp-block-paragraph">Alors si vous souhaitez vous faire accompagner sérieusement pour vous donner une chance de vivre pleinement, d&rsquo;apprendre à traiter vos situations de stress, avoir des outils concrets et constructifs, si vous avez juste besoin de vider votre sac sans être jugé-e ou infantilisé-e, si vous pensez avoir déjà TOUT essayé, peut-être que vous trouverez une écoute, une pédagogie, une expérience de vie qui vous propulsera à votre rythme vers une existence plus cool. <strong>Le lâcher-prise , ça s&rsquo;apprend. C&rsquo;est une vraie école.</strong></p>



<p class="wp-block-paragraph">  Ici, tout est fait pour améliorer votre existence sur les plans corporel, mental, émotionnel, relationnel. Pour développer votre niveau de conscience, retrouver et entretenir votre force vitale, votre joie de vivre et votre créativité.</p>



<p class="wp-block-paragraph"><strong>La créativité, c&rsquo;est faire autrement : penser autrement, agir autrement</strong></p>



<p class="wp-block-paragraph"></p>



<p class="wp-block-paragraph">Sur ce site, vous trouverez tous les renseignements au sujet les séances de <strong>sophrologie</strong>, des formations en <strong>Reiki Usui</strong>, des ateliers de <strong>yoga du rire</strong>, des <strong>ateliers D&rsquo;ADAHE®</strong>.</p>



<p class="wp-block-paragraph">Bien entendu, je vous reçois également en <strong>consultations individuelle</strong>s dans tous ces domaines, ainsi qu&rsquo;en <strong>E.F.T., </strong>sur rendez-vous . Elles peuvent aussi se faire en visio. Et vous pouvez même recevoir du Reiki à distance pour vous-même ou vos proches (avec leur consentement), un animal, des situations diverses et même des conflits.</p>



<p class="wp-block-paragraph">Si vous êtes sophrologue ou thérapeute, je peux vous suivre en <strong>supervision</strong>.</p>



<p class="wp-block-paragraph"></p>



<p class="wp-block-paragraph">Alors au plaisir de vous rencontrer bientôt, à mon cabinet à Vannes, ou en visio.</p>



<p class="wp-block-paragraph"><strong>Tarifs des consultations individuelles</strong>, en présentiel ou en visio. </p>



<figure class="wp-block-image alignright size-large is-resized has-custom-border"><img loading="lazy" decoding="async" width="1024" height="1024" src="https://annejamelot.com/wp-content/uploads/2026/09/cabinet-1024x1024.webp" alt="" class="wp-image-730" style="border-top-left-radius:12px;border-top-right-radius:12px;border-bottom-left-radius:12px;border-bottom-right-radius:12px;width:458px;height:auto" srcset="https://annejamelot.com/wp-content/uploads/2026/09/cabinet-1024x1024.webp 1024w, https://annejamelot.com/wp-content/uploads/2026/09/cabinet-300x300.webp 300w, https://annejamelot.com/wp-content/uploads/2026/09/cabinet-150x150.webp 150w, https://annejamelot.com/wp-content/uploads/2026/09/cabinet-768x768.webp 768w, https://annejamelot.com/wp-content/uploads/2026/09/cabinet.webp 1080w" sizes="auto, (max-width: 1024px) 100vw, 1024px" /></figure>



<ul class="wp-block-list">
<li>À la séance : 75,00 euros</li>



<li>Engagement sur 5 séances : 350,00 euros</li>



<li>Engagement sur 10 séances: 650,00 euros</li>
</ul>



<p class="wp-block-paragraph"></p>



<p class="wp-block-paragraph">ADRESSE DU CABINET</p>



<p class="wp-block-paragraph"><strong>13 square de l&rsquo;île Brannec</strong></p>



<p class="wp-block-paragraph"><strong>56000 Vannes</strong></p>



<p class="wp-block-paragraph"><strong>(Uniquement sur rendez-vous)</strong></p>



<p class="wp-block-paragraph"><strong>Parking gratuit</strong></p>



<p class="wp-block-paragraph"><strong>06 14 74 79 21</strong></p>



<p class="wp-block-paragraph"></p>



<p class="wp-block-paragraph"><svg width="24" height="24" viewBox="0 0 24 24" version="1.1" xmlns="http://www.w3.org/2000/svg" aria-hidden="true" focusable="false" style="position:relative;"><path fill="#ff0000" d="M21.8,8.001c0,0-0.195-1.378-0.795-1.985c-0.76-0.797-1.613-0.801-2.004-0.847c-2.799-0.202-6.997-0.202-6.997-0.202 h-0.009c0,0-4.198,0-6.997,0.202C4.608,5.216,3.756,5.22,2.995,6.016C2.395,6.623,2.2,8.001,2.2,8.001S2,9.62,2,11.238v1.517 c0,1.618,0.2,3.237,0.2,3.237s0.195,1.378,0.795,1.985c0.761,0.797,1.76,0.771,2.205,0.855c1.6,0.153,6.8,0.201,6.8,0.201 s4.203-0.006,7.001-0.209c0.391-0.047,1.243-0.051,2.004-0.847c0.6-0.607,0.795-1.985,0.795-1.985s0.2-1.618,0.2-3.237v-1.517 C22,9.62,21.8,8.001,21.8,8.001z M9.935,14.594l-0.001-5.62l5.404,2.82L9.935,14.594z"></path></svg> Ma chaîne YouTube&nbsp;: <a href="https://www.youtube.com/@ducoqalanne3119">Du coq à l’Anne</a></p>

<p>Bienvenue sur mon site ! Je me présente, Anne Jamelot-Bonnaillie. Atteinte du syndrome de Gilles de La Tourette depuis mon enfance, je n&rsquo;ai cessé de me former et d&rsquo;apprendre pour me libérer petit à petit de mes souffrances tant psychiques que physiques. Sur mon chemin de vie s&rsquo;est présenté la culture physique, la sophrologie, que [&hellip;]</p>
